{"id":15,"date":"2018-07-23T20:28:10","date_gmt":"2018-07-23T18:28:10","guid":{"rendered":"https:\/\/dieeuropa.wordpress.com\/?page_id=13"},"modified":"2023-01-06T17:58:00","modified_gmt":"2023-01-06T16:58:00","slug":"cestv-europa-im-tcv","status":"publish","type":"page","link":"https:\/\/www.cestv-europa.org\/","title":{"rendered":"C.E.St.V. Europa &#8211; Home"},"content":{"rendered":"\n<p class=\"wp-block-paragraph\">Willkommen bei der ersten europaweit agierenden Studentenverbindung!<\/p>\n\n\n\n<div class=\"wp-block-uagb-image uagb-block-e71b895b wp-block-uagb-image--layout-default wp-block-uagb-image--effect-static wp-block-uagb-image--align-center is-style-default\"><figure class=\"wp-block-uagb-image__figure\"><img decoding=\"async\" srcset=\"https:\/\/www.cestv-europa.org\/wp-content\/uploads\/2022\/12\/Farbschild_Zirkel-240x300-1.webp \" src=\"https:\/\/www.cestv-europa.org\/wp-content\/uploads\/2022\/12\/Farbschild_Zirkel-240x300-1.webp\" alt=\"Farbschild der C.E.St.V. Europa. Gr\u00fcn blau wei\u00df gr\u00fcn.\" width=\"\" height=\"\" title=\"\" loading=\"lazy\"\/><\/figure><\/div>\n\n\n\n<p class=\"wp-block-paragraph\">Wir sind ein Zusammenschluss von europ\u00e4ischen Individualisten, die gemeinsam in Europa couleurstudentische Tradition leben wollen.<\/p>\n\n\n\n<p class=\"wp-block-paragraph\">Wir sind in verschiedenen St\u00e4dten beheimatet und treffen uns regelm\u00e4\u00dfig zu Veranstaltungen in ganz Europa.<\/p>\n\n\n\n<p class=\"wp-block-paragraph\">In unseren Verb\u00e4nden, TCV und EKV, engagieren wir uns aktiv. Vor allem eine starke Partizipation in Europa ist ein gro\u00dfes Anliegen f\u00fcr uns. Dies bringen wir auch dadurch zum Ausdruck, dass unser Stiftungsfest durch ganz Europa tourt.<\/p>\n\n\n\n<p class=\"has-black-color has-text-color wp-block-paragraph\">Wenn Du eine einzigartige, engagierte und proeurop\u00e4ische Verbindung kennen lernen m\u00f6chtest, <a href=\"https:\/\/www.cestv-europa.org\/?page_id=10\" target=\"_blank\" rel=\"noreferrer noopener nofollow\">schreib uns<\/a>, triff uns bei einer unserer<a href=\"https:\/\/www.cestv-europa.org\/?page_id=36\" data-type=\"page\" data-id=\"36\"> Veranstaltungen<\/a> oder besuche unsere Social Media Kan\u00e4le!<\/p>\n\n\n\n<div style=\"height:41px\" aria-hidden=\"true\" class=\"wp-block-spacer\"><\/div>\n\n\n\n<div class=\"wp-block-columns has-larger-font-size is-layout-flex wp-container-core-columns-is-layout-8f761849 wp-block-columns-is-layout-flex\">\n<div class=\"wp-block-column is-layout-flow wp-block-column-is-layout-flow\">\n<p class=\"has-text-align-center has-large-font-size wp-block-paragraph\">C.E.St.V. Europa auf<br>Social Media:<\/p>\n<\/div>\n\n\n\n<div class=\"wp-block-column is-layout-flow wp-block-column-is-layout-flow\" style=\"flex-basis:200px\">\n<figure class=\"wp-block-image size-medium is-resized\"><img decoding=\"async\" src=\"https:\/\/www.cestv-europa.org\/wp-content\/uploads\/2022\/12\/Logo-FB-300x300.webp\" alt=\"Link zur Online Media Pr\u00e4senz der C.E.St.V. Europa auf Facebook\" class=\"wp-image-526\" width=\"150\" height=\"150\" srcset=\"https:\/\/www.cestv-europa.org\/wp-content\/uploads\/2022\/12\/Logo-FB-300x300.webp 300w, https:\/\/www.cestv-europa.org\/wp-content\/uploads\/2022\/12\/Logo-FB-150x150.webp 150w, https:\/\/www.cestv-europa.org\/wp-content\/uploads\/2022\/12\/Logo-FB.webp 540w\" sizes=\"(max-width: 150px) 100vw, 150px\" \/><figcaption class=\"wp-element-caption\"><a href=\"https:\/\/www.facebook.com\/cestveuropa\" target=\"_blank\" rel=\"noopener\">https:\/\/www.facebook.com\/cestveuropa<\/a><\/figcaption><\/figure>\n<\/div>\n\n\n\n<div class=\"wp-block-column is-layout-flow wp-block-column-is-layout-flow\" style=\"flex-basis:200px\">\n<figure class=\"wp-block-image size-full is-resized is-style-default\"><img decoding=\"async\" src=\"https:\/\/www.cestv-europa.org\/wp-content\/uploads\/2022\/12\/Logo-Insta.webp\" alt=\"Link zur Online Media Pr\u00e4senz der C.E.St.V. Europa auf Instagram\" class=\"wp-image-527\" width=\"150\" height=\"150\" srcset=\"https:\/\/www.cestv-europa.org\/wp-content\/uploads\/2022\/12\/Logo-Insta.webp 540w, https:\/\/www.cestv-europa.org\/wp-content\/uploads\/2022\/12\/Logo-Insta-300x300.webp 300w, https:\/\/www.cestv-europa.org\/wp-content\/uploads\/2022\/12\/Logo-Insta-150x150.webp 150w\" sizes=\"(max-width: 150px) 100vw, 150px\" \/><figcaption class=\"wp-element-caption\"><a href=\"https:\/\/www.instagram.com\/cestveuropa\/\" target=\"_blank\" rel=\"noreferrer noopener\">https:\/\/www.instagram.com\/cestveuropa\/<\/a><\/figcaption><\/figure>\n<\/div>\n<\/div>\n","protected":false},"excerpt":{"rendered":"<p>Willkommen bei der ersten europaweit agierenden Studentenverbindung! Wir sind ein Zusammenschluss von europ\u00e4ischen Individualisten, die gemeinsam in Europa couleurstudentische Tradition leben wollen. Wir sind in verschiedenen St\u00e4dten beheimatet und treffen uns regelm\u00e4\u00dfig zu Veranstaltungen in ganz Europa. In unseren Verb\u00e4nden,&#8230; <a class=\"more-link\" href=\"https:\/\/www.cestv-europa.org\/\">Weiterlesen &rarr;<\/a><\/p>\n","protected":false},"author":1,"featured_media":0,"parent":0,"menu_order":0,"comment_status":"closed","ping_status":"closed","template":"","meta":{"_crdt_document":"","footnotes":""},"class_list":["post-15","page","type-page","status-publish","hentry"],"_links":{"self":[{"href":"https:\/\/www.cestv-europa.org\/index.php?rest_route=\/wp\/v2\/pages\/15","targetHints":{"allow":["GET"]}}],"collection":[{"href":"https:\/\/www.cestv-europa.org\/index.php?rest_route=\/wp\/v2\/pages"}],"about":[{"href":"https:\/\/www.cestv-europa.org\/index.php?rest_route=\/wp\/v2\/types\/page"}],"author":[{"embeddable":true,"href":"https:\/\/www.cestv-europa.org\/index.php?rest_route=\/wp\/v2\/users\/1"}],"replies":[{"embeddable":true,"href":"https:\/\/www.cestv-europa.org\/index.php?rest_route=%2Fwp%2Fv2%2Fcomments&post=15"}],"version-history":[{"count":33,"href":"https:\/\/www.cestv-europa.org\/index.php?rest_route=\/wp\/v2\/pages\/15\/revisions"}],"predecessor-version":[{"id":591,"href":"https:\/\/www.cestv-europa.org\/index.php?rest_route=\/wp\/v2\/pages\/15\/revisions\/591"}],"wp:attachment":[{"href":"https:\/\/www.cestv-europa.org\/index.php?rest_route=%2Fwp%2Fv2%2Fmedia&parent=15"}],"curies":[{"name":"wp","href":"https:\/\/api.w.org\/{rel}","templated":true}]}}

<p class="wp-block-paragraph">Willkommen bei der ersten europaweit agierenden Studentenverbindung!</p>



<div class="wp-block-uagb-image uagb-block-e71b895b wp-block-uagb-image--layout-default wp-block-uagb-image--effect-static wp-block-uagb-image--align-center is-style-default"><figure class="wp-block-uagb-image__figure"><img decoding="async" srcset="https://www.cestv-europa.org/wp-content/uploads/2022/12/Farbschild_Zirkel-240x300-1.webp " src="https://www.cestv-europa.org/wp-content/uploads/2022/12/Farbschild_Zirkel-240x300-1.webp" alt="Farbschild der C.E.St.V. Europa. Grün blau weiß grün." width="" height="" title="" loading="lazy"/></figure></div>



<p class="wp-block-paragraph">Wir sind ein Zusammenschluss von europäischen Individualisten, die gemeinsam in Europa couleurstudentische Tradition leben wollen.</p>



<p class="wp-block-paragraph">Wir sind in verschiedenen Städten beheimatet und treffen uns regelmäßig zu Veranstaltungen in ganz Europa.</p>



<p class="wp-block-paragraph">In unseren Verbänden, TCV und EKV, engagieren wir uns aktiv. Vor allem eine starke Partizipation in Europa ist ein großes Anliegen für uns. Dies bringen wir auch dadurch zum Ausdruck, dass unser Stiftungsfest durch ganz Europa tourt.</p>



<p class="has-black-color has-text-color wp-block-paragraph">Wenn Du eine einzigartige, engagierte und proeuropäische Verbindung kennen lernen möchtest, <a href="https://www.cestv-europa.org/?page_id=10" target="_blank" rel="noreferrer noopener nofollow">schreib uns</a>, triff uns bei einer unserer<a href="https://www.cestv-europa.org/?page_id=36" data-type="page" data-id="36"> Veranstaltungen</a> oder besuche unsere Social Media Kanäle!</p>



<div style="height:41px" aria-hidden="true" class="wp-block-spacer"></div>



<div class="wp-block-columns has-larger-font-size is-layout-flex wp-container-core-columns-is-layout-8f761849 wp-block-columns-is-layout-flex">
<div class="wp-block-column is-layout-flow wp-block-column-is-layout-flow">
<p class="has-text-align-center has-large-font-size wp-block-paragraph">C.E.St.V. Europa auf<br>Social Media:</p>
</div>



<div class="wp-block-column is-layout-flow wp-block-column-is-layout-flow" style="flex-basis:200px">
<figure class="wp-block-image size-medium is-resized"><img decoding="async" src="https://www.cestv-europa.org/wp-content/uploads/2022/12/Logo-FB-300x300.webp" alt="Link zur Online Media Präsenz der C.E.St.V. Europa auf Facebook" class="wp-image-526" width="150" height="150" srcset="https://www.cestv-europa.org/wp-content/uploads/2022/12/Logo-FB-300x300.webp 300w, https://www.cestv-europa.org/wp-content/uploads/2022/12/Logo-FB-150x150.webp 150w, https://www.cestv-europa.org/wp-content/uploads/2022/12/Logo-FB.webp 540w" sizes="(max-width: 150px) 100vw, 150px" /><figcaption class="wp-element-caption"><a href="https://www.facebook.com/cestveuropa" target="_blank" rel="noopener">https://www.facebook.com/cestveuropa</a></figcaption></figure>
</div>



<div class="wp-block-column is-layout-flow wp-block-column-is-layout-flow" style="flex-basis:200px">
<figure class="wp-block-image size-full is-resized is-style-default"><img decoding="async" src="https://www.cestv-europa.org/wp-content/uploads/2022/12/Logo-Insta.webp" alt="Link zur Online Media Präsenz der C.E.St.V. Europa auf Instagram" class="wp-image-527" width="150" height="150" srcset="https://www.cestv-europa.org/wp-content/uploads/2022/12/Logo-Insta.webp 540w, https://www.cestv-europa.org/wp-content/uploads/2022/12/Logo-Insta-300x300.webp 300w, https://www.cestv-europa.org/wp-content/uploads/2022/12/Logo-Insta-150x150.webp 150w" sizes="(max-width: 150px) 100vw, 150px" /><figcaption class="wp-element-caption"><a href="https://www.instagram.com/cestveuropa/" target="_blank" rel="noreferrer noopener">https://www.instagram.com/cestveuropa/</a></figcaption></figure>
</div>
</div>

<p>Willkommen bei der ersten europaweit agierenden Studentenverbindung! Wir sind ein Zusammenschluss von europäischen Individualisten, die gemeinsam in Europa couleurstudentische Tradition leben wollen. Wir sind in verschiedenen Städten beheimatet und treffen uns regelmäßig zu Veranstaltungen in ganz Europa. In unseren Verbänden,&#8230; <a class="more-link" href="https://www.cestv-europa.org/">Weiterlesen &rarr;</a></p>
